+ a + 6. Suppose o - 10 = 5*v, 4*v = -4*o - o + 79. Suppose -4*b + o = -3*b. Let g = b + -9. Give z(g).
12
Let a = 73 - 80. Let p(y) = 5*y**2 - 17*y + 4. Let h(j) = 4*j**2 - 15*j + 5. Let v(f) = -6*h(f) + 5*p(f). Give v(a).
4
Let u(j) = -132 + j + 34 + 32 + 28 + 3*j**2 + 33. Give u(5).
75
Let l(d) be the second derivative of d**5/20 - d**4/4 - d**3/6 - 7*d**2/2 - 939*d. Calculate l(3).
-10
Let t(u) = u - 7. Let a = -83 - -92. Suppose -3*i + 50 = 5*y, 6*i - a*i + 10 = y. Suppose 5*p - 5*o - 45 = y, 5*o + 15 = 0. Give t(p).
1
Let g(d) = 41*d**2 - 204*d - 16. Let w be g(5). Let x(y) = y**2 + 6*y - 23. Calculate x(w).
32
Let g = 1988 + -1996. Let l(k) = 2*k**2 + 17*k + 17. What is l(g)?
9
Let u(m) be the first derivative of 11*m**2 - m + 13. Suppose -123 + 124 = -a. What is u(a)?
-23
Suppose -2*m = -4*f + 16, 3*m + 10 = 3*f - 2. Suppose 18 = 3*h - f*p, -13*h + 9*h + 17 = -3*p. Let y(x) = 2*x - 3. Give y(h).
1
Let v(i) = 17 + 322*i + 23 - 324*i - 2. Calculate v(20).
-2
Let j(l) be the third derivative of l**5/60 + 3*l**4/8 + l**2. Suppose 0 = 7*r + 28*r + 350. Determine j(r).
10
Let t(h) = 2*h - 9. Let i = 300 + -360. Let n be (-20)/i*3*(-7)/(-1). Calculate t(n).
5
Let r = 14437 - 14427. Let g(n) = -16*n + 172. Give g(r).
12
Let x(j) = -j**2 + 3*j + 2. Let f be x(11). Let z = f + 86. Let u(y) = y**3 + y + 15. What is u(z)?
15
Let j(l) = 2*l**2 + 2*l + 2. Suppose 29*w - 30*w = -3*u - 11, -3*w = -u - 1. Let b be 54/270 + (21/(-5) - w). Give j(b).
14
Suppose 1636*y = 1668*y - 224. Let c(r) be the second derivative of r**4/12 - r**3 - r. Calculate c(y).
7
Let z(l) be the third derivative of 7*l**5/60 + 7*l**4/4 - 5*l**3/6 - 7321*l**2. Determine z(-6).
-5
Let m(v) be the third derivative of v**6/120 - 7*v**5/60 - v**4/3 - 3*v**3/2 + 875*v**2. Let p be 3 + 4/2 + 3. Determine m(p).
-9
Let n be (-19)/(-38)*(1 - 23). Let x = -10 - n. Let g(w) = -13*w + 3*w - x + 9*w. Give g(-1).
0
Let t(p) = 23*p - 40. Let z be t(2). Let b(h) = -2*h - 3 - z - h + 9. What is b(-4)?
12
Let z(l) = -l**3 + 5*l**2 + 7*l - 14. Let r be z(6). Let m be (6/12)/((-2)/r). Let u(c) = -8*c**2 + 25*c**m - 13*c**2. Determine u(1).
4
Let u be 3/(-1) - (2 + 7). Let x = 4 + u. Let i(f) = 25*f - 6 - 8*f**2 + 33*f + 2 - 59*f - f**3. Calculate i(x).
4
Let c(j) = 149*j - 11325. Let b be c(76). Let r(s) = -89*s**2 - 6*s - 6. Give r(b).
-89
Let k(u) = -46*u**3 - 5*u + 31. Let f(h) = -h**3 + h - 5. Let d(s) = 6*f(s) + k(s). What is d(-1)?
52
Let s(f) = -88*f - 13. Let m(c) = -42*c - 6. Let i(u) = 9*m(u) - 4*s(u). Calculate i(1).
-28
Let f(j) = j - 3. Let x be 1*5/(5/4). Suppose -x*v = -11 + 3. Suppose 0 = -4*k + v*k - 8. Calculate f(k).
-7
Let y be 1*(-4)/8*-12. Let z(r) = 0 + 2 - 5*r + y*r - 3. Calculate z(-4).
-5
Let t(p) = 2*p**2 - 2. Let d(m) = -m - 1. Let n(g) = -7*g - 24. Let z(r) = -6*d(r) + n(r). Let i be z(-15). Let l be -4*(-1)/i*6/(-4). Determine t(l).
6
Let y(l) = 8*l - 2. Let t = -235 + 241. Suppose -6*i + t = 2*u - 7*i, 4*i = 0. Give y(u).
22
Let t(c) be the second derivative of c**5/20 + c**4/3 - 2*c**3/3 - 6*c**2 + 5*c - 3. What is t(-4)?
4
Suppose 4*x - 15 + 19 = u, 2*u = 4*x + 8. Let o(h) = -3*h + x*h - 449 + 7*h + 450 + 4*h. Determine o(-6).
-47
Let c(r) be the first derivative of -r**2 + 1/3*r**3 + 10 - 1/4*r**4 + 2*r. Let s be c(1). Let w(y) = y**3 + 2. Calculate w(s).
2
Let d(q) be the second derivative of -q**5/10 - 11*q**4/12 + 4*q**3/3 + 29*q**2 - 4222*q. Calculate d(-5).
-7
Let s(z) = -182 - z + 85 + 94 + z**2. Let t be 2*(-3)/6*0. Calculate s(t).
-3
Suppose 15*d = 116 - 41. Let w(i) = i**3 - 4*i**2 - 9*i - 1. Give w(d).
-21
Let c = -375 - -620. Let d = 248 - c. Let a(j) = j**2 + 4. Determine a(d).
13
Let t = 172 - 170. Let x(f) = 0*f**2 + 6*f - f**2 - t*f + 0*f. What is x(2)?
4
Let u(j) = -5*j + 6. Suppose -1753*q + 14 = -1755*q. Let x(f) = -9*f + 11. Let r = 9 + -5. Let t(b) = q*u(b) + r*x(b). Calculate t(6).
-4
Let p(u) be the third derivative of u**8/6720 + u**7/1260 + u**6/360 - u**5/120 + 5*u**4/3 + 3*u**2. Let v(y) be the second derivative of p(y). What is v(-3)?
-16
Suppose -4*a = 5*y - 42, 3*a - 21*y = -22*y + 15. Let n(t) be the third derivative of 21*t**2 + 1/6*t**a + 1/3*t**4 + 0*t + 0. Give n(-1).
-7
Let u(o) = 2 + 8 + 3 - o. Suppose 1020*b - 1017*b = -5*v - 33, 4*b = 4*v + 84. Determine u(b).
4
Suppose 83*q + 169 = -412. Let j(n) = n - 1. Let v(t) = -t**2 - 5*t + 5. Let s(u) = 2*j(u) - v(u). Give s(q).
-7
Let a(o) = -o**2 + 10*o - 18. Suppose 139*y = 1399 - 287. Determine a(y).
-2
Suppose -n = -5*m - 24, 3*n + 6*m - 3*m = 0. Let v(x) = -2*x**3 + 8*x**2 - 2*x. Let g be v(n). Let b(q) = q**3 - 6 + 8*q + 9*q**2 + 0 + 12. What is b(g)?
6
Suppose 2*z - 20 - 6 = 0. Let l be (z - 29)/(-2*1). Let a(t) be the third derivative of t**5/60 - 7*t**4/24 - 2*t**3/3 - 48*t**2. What is a(l)?
4
Suppose -24*l = -25*l + 12. Let j(z) = -z**3 + 10*z**2 + 29*z - 30. Determine j(l).
30
Suppose 22*s - 10 = 17*s. Let j = -10 - -13. Let m(w) = -4 + 3 - w**2 + j*w + w. Give m(s).
3
Let r(v) = 3*v**2 - 9*v + 12. Let d(m) = -13*m**2 + 37*m - 52. Let f(z) = 2*d(z) + 9*r(z). Give f(2).
-6
Let o = -38 - -36. Let k(a) = a - 9. Let v be k(12). Let s(y) = -y**2 - 2*y + y**v + 1 + 4*y**2 + 4*y + y. Determine s(o).
-1
Let s(d) = 3*d**2 + 88*d + 368. Let y be s(-5). Let q(j) = 4*j**3 - 3*j**2 - 2*j - 4. Determine q(y).
71
Suppose -4*t + 16 = -2*o, -5*o - 187 + 207 = 2*t. Let j(x) = -x**3 + 2*x**2 - 4*x + 2. What is j(o)?
-6
Let o = 72 + -76. Let b(u) be the first derivative of u**3/3 + 5*u**2/2 + 6*u - 84. Give b(o).
2
Let x = 23 - 24. Let k(u) = -17*u**2 - u - 1. Let n(h) = -h**2 + 3*h + 2. Let o(d) = -k(d) - n(d). What is o(x)?
19
Let k(b) = -b**3 - 4*b**2 + 5*b. Let j be k(-5). Suppose 4*w - 7*w + 6 = j. Let t(o) = 2*o - o - 3*o + 13*o**2 - 16*o**2 + w. What is t(-3)?
-19
Suppose 0 = -4202*t + 4222*t + 60. Let h(a) = -3*a + 4. Let w(g) = -13*g + 17. Let f(q) = 9*h(q) - 2*w(q). Determine f(t).
5
Let j be (494 - 472) + -11 + 1. Let l(z) = -z**2 + 15*z - 6. Give l(j).
30
Let h(p) be the second derivative of 3*p**5/20 + p**4/3 + p**3/3 - p**2 + p. Let w(s) = s**3 + 21*s**2 - 22*s - 2. Let n be w(-22). Give h(n).
-14
Let u be 0 - ((-1 - 2) + 1). Let k be 0/((1 - u)/(-1)). Let n(m) = -5372168*m - 5372163*m + 10744330*m - 11. Calculate n(k).
-11
Let s(n) be the third derivative of n**5/60 + n**4/24 + n**3/6 - 386*n**2. Let t(z) = -3*z**2 + 3 - z**3 - 4*z + 0 - z + 8*z**2. Let b be t(4). Calculate s(b).
1
Let k(w) be the third derivative of w**5/60 + 13*w**4/24 + w**3/2 - 269*w**2 + w. What is k(-13)?
3
Let l = -2341 - -2347. Let g(h) = 4*h - 22. Give g(l).
2
Let t = -44 - -44. Suppose 4*k = 9 - 45. Let q(j) = -3*j**2 - 2*j + 8. Let i(b) = -13*b**2 - 9*b + 31. Let x(h) = k*q(h) + 2*i(h). Calculate x(t).
-10
Let d(a) = -3*a - 2*a - 3*a + a - 22 + 9*a. What is d(6)?
-10
Let r(p) = 2*p**3 + 75*p**2 - 38*p + 2. Let m(s) = 37*s - 1518. Let l be m(40). Determine r(l).
2
Suppose -l - 3*i = 5, -3*l + 2*i = l - 22. Let j(w) = -6*w + 102 + 0*w + 2*w - 98 - l*w. Calculate j(-3).
28
Let d(o) = -5*o**3 + 34*o**2 - 5*o + 67. Let g(i) = 3*i**3 - 15*i**2 + 3*i - 34. Let c(y) = -4*d(y) - 7*g(y). Give c(-31).
1
Let u(v) = 776*v**2 - 1553*v**2 - 2*v**3 + 4 + 3*v**3 - 25 + 778*v**2. Calculate u(0).
-21
Let y(v) = -2*v - 7. Let r = 31 - 26. Suppose -r*u + 4 = 4*z + 1, -3*z - 24 = -5*u. Let w be y(z). Let d(c) = 6*c. Give d(w).
-6
Let u(v) be the first derivative of -v**3/3 + 2*v**2 - 5*v + 1. Suppose r - 2*k - 21 = 0, 4*r + 1 - 53 = 4*k. What is u(r)?
-10
Let y(f) = 1218 - 2422 - 28*f + 1181. Determine y(-2).
33
Let h(r) = -4*r**3 - 3*r**3 - 9 - 13 + 20 - 2*r**3 + r. Calculate h(2).
-72
Let f(c) = c**2 + 6*c + 2. Let r be f(-6). Let v(m) = -2803*m**2 - 2 - 2 + 2804*m**r - m. Give v(-3).
8
Let i(g) = 4*g - 7. Let z(p) be the first derivative of -p**2/2 - 2*p + 60. Let f(x) = -i(x) + 3*z(x). Calculate f(2).
-13
Let p(l) = -13*l - 16*l + 57 - 12*l + 26*l. Calculate p(6).
-33
Let b(p) = -p**2 + 3*p + 1. Let m(t) = -t**3 - 10*t**2 - 10*t. Let q be m(-9). Suppose -q*c + 252 = 54. Suppose -18 + c = h. Give b(h).
-3
Let t(h) = 6*h**2 + 2*h - 2. Let k be t(1). Let b = -6 + k. Suppose b = -6*m + 2 - 8. Let w(u) = -14*u**2. Give w(m).
-14
Let f(w) = -w**2 + 12*w + 258. Suppose -93*z + 138 = -87*z. What is f(z)?
5
Let t(c) = 2*c 